{"id":6650,"date":"2018-12-15T17:45:14","date_gmt":"2018-12-15T19:45:14","guid":{"rendered":"http:\/\/en-mol.icb.usp.br\/?page_id=6650"},"modified":"2022-12-11T17:35:59","modified_gmt":"2022-12-11T20:35:59","slug":"14-2-glandulas-endocrinas","status":"publish","type":"page","link":"https:\/\/mol-en.icb.usp.br\/index.php\/14-2-glandulas-endocrinas\/","title":{"rendered":"14-2 Gl\u00e2ndulas end\u00f3crinas"},"content":{"rendered":"<p>HIP\u00d3FISE \u2013 1<\/p>\n<p>Caracter\u00edsticas histol\u00f3gicas<\/p>\n<p>A hip\u00f3fise consta de duas partes conectadas funcionalmente, por\u00e9m com origens embriol\u00f3gicas, estrutura e fun\u00e7\u00f5es distintas.<\/p>\n<p>1 <strong>Lobo anterior<\/strong>. \u00c9 a por\u00e7\u00e3o mais volumosa da hip\u00f3fise e \u00e9\u00a0 tamb\u00e9m chamado de adeno-hip\u00f3fise. Sua estrutura\u00a0 histol\u00f3gica \u00e9 de um tecido epitelial suportado por tecido conjuntivo e ricamente vascularizado. Tem tr\u00eas componentes: a <em>pars distalis<\/em>; a <em>pars tuberalis<\/em>; e a <em>pars intermedia<\/em>.<br \/>\n2 <strong>Lobo posterior, <\/strong>formado pela<strong> n<\/strong>euro-hip\u00f3fise, \u00e9 conectado diretamente ao sistema nervoso central.\u00a0 Tem dois componentes: <em>pars nervosa<\/em> e infund\u00edbulo. O infund\u00edbulo conecta a neuro-hip\u00f3fise ao sistema nervoso central.<\/p>\n<p><strong>NAVEGA\u00c7\u00c3O NO MOL:<\/strong><\/p>\n<p><a href=\"https:\/\/mol-en.icb.usp.br\/index.php\/14-1-glandulas-endocrinas\/\">ACESSAR P\u00c1GINA ANTERIOR<\/a><\/p>\n<p><a href=\"https:\/\/mol-en.icb.usp.br\/index.php\/14-3-glandulas-endocrinas\/\">ACESSAR P\u00c1GINA SEGUINTE<\/a><\/p>\n","protected":false},"excerpt":{"rendered":"<p>HIP\u00d3FISE \u2013 1 Caracter\u00edsticas histol\u00f3gicas A hip\u00f3fise consta de duas partes conectadas funcionalmente, por\u00e9m com origens embriol\u00f3gicas, estrutura e fun\u00e7\u00f5es distintas. 1 Lobo anterior. \u00c9 a por\u00e7\u00e3o mais volumosa da hip\u00f3fise e \u00e9\u00a0 tamb\u00e9m chamado de adeno-hip\u00f3fise. Sua estrutura\u00a0 histol\u00f3gica \u00e9 de um tecido epitelial suportado por tecido conjuntivo e ricamente vascularizado. Tem tr\u00eas componentes: [&hellip;]<\/p>\n","protected":false},"author":2,"featured_media":0,"parent":0,"menu_order":0,"comment_status":"closed","ping_status":"closed","template":"","meta":{"footnotes":""},"class_list":["post-6650","page","type-page","status-publish","hentry"],"_links":{"self":[{"href":"https:\/\/mol-en.icb.usp.br\/index.php\/wp-json\/wp\/v2\/pages\/6650","targetHints":{"allow":["GET"]}}],"collection":[{"href":"https:\/\/mol-en.icb.usp.br\/index.php\/wp-json\/wp\/v2\/pages"}],"about":[{"href":"https:\/\/mol-en.icb.usp.br\/index.php\/wp-json\/wp\/v2\/types\/page"}],"author":[{"embeddable":true,"href":"https:\/\/mol-en.icb.usp.br\/index.php\/wp-json\/wp\/v2\/users\/2"}],"replies":[{"embeddable":true,"href":"https:\/\/mol-en.icb.usp.br\/index.php\/wp-json\/wp\/v2\/comments?post=6650"}],"version-history":[{"count":10,"href":"https:\/\/mol-en.icb.usp.br\/index.php\/wp-json\/wp\/v2\/pages\/6650\/revisions"}],"predecessor-version":[{"id":9042,"href":"https:\/\/mol-en.icb.usp.br\/index.php\/wp-json\/wp\/v2\/pages\/6650\/revisions\/9042"}],"wp:attachment":[{"href":"https:\/\/mol-en.icb.usp.br\/index.php\/wp-json\/wp\/v2\/media?parent=6650"}],"curies":[{"name":"wp","href":"https:\/\/api.w.org\/{rel}","templated":true}]}}